mber?
True
Suppose 46*r + 2667 = 49*r. Is r a prime number?
False
Let o(p) = 4*p - 19. Let m(k) = -3*k + 20. Let l(y) = 6*m(y) + 7*o(y). Is l(10) composite?
True
Let m = 79 - 26. Is m prime?
True
Let n = -91 - -142. Suppose o - n = 5*q, -2*q = -2*o - q + 66. Is o prime?
True
Let o(b) = -b - 3. Let k be o(-5). Suppose 8 = k*z - 374. Is z prime?
True
Let g(w) = 2*w + 6. Let o be g(0). Suppose -2*q + 4*i - 128 = -o*q, q - 38 = 5*i. Is q composite?
True
Let q be 38/6 + 1/(-3). Let y(m) = -m**3 + 6*m**2 + 2*m - 7. Let s be y(q). Let g(w) = 6*w + 7. Is g(s) composite?
False
Let u(p) = p**3 - p**2 - 3*p + 1. Let g be u(2). Let v(i) = 39*i**2 + 3. Let y(m) = 39*m**2 + 4. Let q(x) = 5*v(x) - 4*y(x). Is q(g) a composite number?
True
Is (-12 + 0)/(-1*2) a composite number?
True
Suppose 2*p + 4 = -4*j, p - j = 4*p + 16. Let u(v) = -v**2 - 7*v + 1. Is u(p) composite?
False
Suppose 0*n = 4*n + 4*k + 328, 5*k - 5 = 0. Let d = n + 148. Is d a prime number?
False
Suppose -2*p + 467 = -p. Is p prime?
True
Let x be (-6429)/(-33) - (-2)/11. Is x/6 - (-1)/2 a prime number?
False
Let w(i) = -3 - 2 + 11*i + 2. Is w(2) prime?
True
Let s(y) = -210*y + 3. Let t(x) = 210*x - 2. Let w(z) = 3*s(z) + 4*t(z). Is w(1) composite?
False
Suppose -o + 4 = -1. Let r be -505*((-8)/o)/(-4). Let a = r - -291. Is a a composite number?
False
Suppose -3*o + 6*o - 1113 = 0. Is o composite?
True
Suppose -10 = 5*d - 4*p + 43, -2*d = 5*p + 8. Let a be ((-4)/(-1))/(-7 - d). Suppose 0*l - 30 = -a*l. Is l prime?
False
Let m = -507 - -1138. Is m prime?
True
Suppose -5*v + 795 = l, -l - l + 3*v = -1564. Is l prime?
False
Suppose -3*z - 4 = -z. Let j be z/2*(2 - 2). Suppose j = 3*t - t - 254. Is t a composite number?
False
Let i = 356 + 165. Is i a composite number?
False
Suppose 2*h + 9 = 2*l - 9, 4*h + 41 = 5*l. Let f(s) = -s**3 + 4*s - 1. Let o be f(h). Suppose 128 = 5*z - o. Is z a composite number?
True
Let k(g) be the second derivative of g**4/4 - 5*g**3/6 - 2*g**2 + 7*g. Is k(6) prime?
False
Suppose 2*s + 4*g = -370, s - 176 = 2*s - g. Let q(n) = -8*n**2 + 4*n + 2. Let b be q(-3). Let h = b - s. Is h prime?
True
Let t = -172 - -295. Is t composite?
True
Is 6/(-4)*951*12/(-54) a composite number?
False
Suppose -7*p + 3*p - 624 = 0. Let u = p - -241. Is u a prime number?
False
Is 2*(1626*4/16 + 4) a prime number?
True
Let m be 273/5 + (-2)/(-5). Suppose 3*s = -n - 3 - 44, 0 = -3*s - 5*n - m. Is (-3880)/s + 1/3 prime?
False
Let k = 2 + 69. Is k composite?
False
Suppose 2*q + q - 6 = 0. Is 2*17 - (q - -1) a composite number?
False
Let m(s) = 4*s - 58. Let b be m(13). Let h(l) = 5*l**2 - 14*l - 3. Let q(w) = -11*w**2 + 29*w + 7. Let p(t) = 13*h(t) + 6*q(t). Is p(b) composite?
True
Suppose -350 = -3*o - 101. Is o a composite number?
False
Let x(l) = l**2 - 7*l + 6. Let n be x(6). Suppose 0 = m + 2*b - 73, m + n*b = -b + 75. Is m prime?
False
Let v(c) = 5*c - 10. Let d be v(7). Is 1653/5 + 10/d composite?
False
Is (966/(-9))/((-6)/9) prime?
False
Let y(b) = b + 7. Let k be y(0). Let h(j) = -3*j - k*j - 2*j - 5 + 2*j. Is h(-6) composite?
True
Is (2 - (-1 + -50))/((-3)/(-111)) a prime number?
False
Suppose 0 = -2*v - 2*m + 146 + 110, -4*v + 506 = -2*m. Is v a composite number?
False
Suppose -3*j = 2*a - 89 + 11, 2*a = j + 78. Is a a prime number?
False
Let c(w) = w + 1. Let k(a) = -51*a + 8. Let n(g) = 3*c(g) + k(g). Let m be n(-8). Suppose 3*h + m = 8*h. Is h prime?
True
Suppose -23227 = -12*s - 1855. Is s composite?
True
Let a(w) = -w + 8. Let s be a(8). Let h = s - 2. Is (6/8)/(h/(-56)) a prime number?
False
Let c(d) = 41*d**2 - 5*d + 7. Let g(o) = 20*o**2 - 2*o + 3. Let l(m) = -4*c(m) + 9*g(m). Let r be l(-2). Is r + 1*(-9)/(-3) composite?
True
Let j = -3 - -12. Let h = 9 - j. Suppose h = -u + 5*u - 184. Is u composite?
True
Let d = 237 + 194. Is d a composite number?
False
Suppose -15 = -4*f + 5*i, f + 3*i + 9 = -4*f. Suppose f*b - 2*b + 94 = 0. Suppose -3*y + 4*y - b = 0. Is y composite?
False
Let a(l) = -134*l - 1. Let f(h) = -3*h**3. Let o be f(-1). Let g be 0 + (0 - (-2 + o)). Is a(g) prime?
False
Suppose -3*u + u + 8 = 0. Let w(l) = l**3 - 3*l**2 - 3*l + 3. Let t be w(u). Suppose 5*h + 3*d - t*d - 86 = 0, -h + 3*d + 26 = 0. Is h composite?
True
Let c = 172 - 83. Let y(s) = 2*s**3 + s**2 - s + 6. Let b be y(-3). Let d = c + b. Is d composite?
False
Let f be 3 - (-1 - -1)/(-1). Suppose 0*r = -f*x + 4*r + 137, -2*r = -2. Is x a prime number?
True
Let a = -95 + 213. Is a a prime number?
False
Let p be (2/6)/(1/(-3)). Is (p/2)/(5/(-1670)) composite?
False
Let g = 2165 - 1210. Is g a prime number?
False
Let q(s) = -s + 5. Let v be q(6). Let f(c) = -2*c**2 - c. Let m be f(v). Is 5/((-10)/(-68)) - m a prime number?
False
Let w be (-25)/(-5) - (-2)/(-1). Let s = w + 32. Is s prime?
False
Suppose 4*w + w + 5*i = 1435, -w + 283 = 2*i. Is w prime?
False
Is (36/8)/(-9)*-1562 a composite number?
True
Suppose -3*y + 13*y = 10970. Is y prime?
True
Let o be (1 + 4)/(2/10). Let a(k) = 2*k**3 - k**2 + k + 4. Let f be a(3). Let h = o + f. Is h a composite number?
True
Suppose -151 = -4*p + 69. Is (2 - (-1 + 2))*p a composite number?
True
Let i be (-15)/(-25)*(-35)/(-1). Suppose 31 = 5*b - 3*y - i, -b + 3*y + 20 = 0. Is (2*-1)/(b/(-148)) composite?
False
Let f(y) = 2*y**2 + 4*y - 1. Let l be f(-3). Suppose -193 + 1023 = -l*g. Let u = g + 289. Is u a composite number?
True
Suppose 3*w + 1 = -23. Let d(a) = -7*a - 3. Is d(w) composite?
False
Let k = 13 - 7. Let l = k - -7. Is l a prime number?
True
Suppose -c - 4*z + 47 = 0, -5*z = -5*c - 0*z + 135. Is c composite?
False
Suppose -o + 898 + 25 = 0. Is o prime?
False
Is (-16425)/(-35) + (-2)/7 prime?
False
Suppose -4*c + 28 = 2*o, 2*o + 17 = -c + 6*c. Suppose a = 2*z - 794 - 368, -3*z = -c*a - 1743. Is z a composite number?
True
Let h = 61 + 94. Is h composite?
True
Suppose -3*j = -7*j + 20. Suppose 2*s = -4*o, -j*s = -2*o - 3*o + 30. Is (-8)/(-12)*42/o a composite number?
True
Suppose -2*m - 1 = 3*q - 143, 2*q = -4. Is 1/2 + m/4 a prime number?
True
Suppose 0 = 2*n - 2*x - x - 6, 5*n - 3*x = 6. Is (-1 + n)/((-1)/127) a composite number?
False
Let f(s) = -4*s**2 - 13*s + 8. Let l(a) = 8*a**2 + 27*a - 17. Let g(k) = 13*f(k) + 6*l(k). Let t be g(-5). Is t/6*2/(-3) a composite number?
False
Let b = -6 - -8. Suppose 3*u = 4*o + 79, o + b*o + 5*u + 23 = 0. Let d = o + 69. Is d composite?
False
Let y be (2 + -1)/((-1)/(-12)). Let c = y + 31. Is c composite?
False
Suppose 4*k + 893 = 261. Let a = 243 + k. Is a composite?
True
Let w = 13 + 10. Is w prime?
True
Let o = -132 - -193. Let d = -3 + 5. Suppose 37 = d*r - o. Is r a prime number?
False
Is ((-28)/(-42))/((-4)/(-2478)) prime?
False
Let t = -2 - -27. Is t/(-20)*(-56)/2 a prime number?
False
Is (68/(-16)*-1)/(1/44) a composite number?
True
Suppose x + 6 = -9. Let g be 5*(69/x - 1). Is (-8)/g + (-486)/(-14) a prime number?
False
Let m = 469 - -3674. Is m composite?
True
Let q be (-3)/(-9)*(-1 + 1). Suppose 0 = f - q*f + 5. Is 1/f - 156/(-5) prime?
True
Let x(l) = 18*l**2 + l + 2. Is x(-3) a prime number?
False
Let z(a) = -a**3 - 5*a**2 + 2*a + 3. Let k be z(-5). Let s(v) = -8*v**2 - 9*v + 1. Let h be s(6). Is (-2)/(-7) + h/k composite?
True
Suppose 5*i - 2 = -4*y - 0, 4*y = -3*i - 2. Let u be (-2 + 3)/(i/44). Suppose 0 = s + s - u. Is s a composite number?
False
Let u(k) = 35*k**2 + 3*k + 5. Is u(-2) a prime number?
True
Let p(c) = -7*c**3 - 3*c - 3. Let s(q) = q**2 - 5*q - 2. Let d be s(6). Suppose d = w - 3*w. Is p(w) prime?
True
Let v = 6 + -4. Let h(m) = m + m**v + m**3 - 3*m - 3*m**2 - 5. Is h(4) a composite number?
False
Let c(k) = -k**3 + 15*k**2 + 12*k - 9. Is c(7) composite?
False
Suppose 3*z + 3 - 24 = 0. Let l be ((-12)/42)/((-1)/z). Suppose 64 = 2*a - l*u, -3*a + u + 117 = 5*u. Is a a composite number?
True
Let b = 1381 + 3448. Is b prime?
False
Suppose -5*k - 695 = -2*n, -5*n - 5*k - 178 = -1968. Is n a prime number?
False
Let o(w) = 298*w + 11. Is o(6) a prime number?
False
Let u = 12 - 24. Let h be 11/(-2) + (-6)/u. Let r(a) = a**2 - a + 7. Is r(h) composite?
False
Let n(u) = -u**3 + 2*u**2 + 5*u - 2. Let c be n(3). Suppose 2*i - i + 34 = 4*g, 0 = -c*i - g - 187. Let l = -13 - i. Is l a composite number?
True
Suppose -13 = -5*c + 12. Suppose 1064 = c*z - 371. Is z a prime number?
False
Let d = -1